the units digit of p?
0
Let d = -12 + 8. Let f(z) = z**3 + 5*z**2 + 6*z + 2. Let s be f(d). What is the units digit of s/(-9) - (-1)/3?
1
Let o = -10 + -8. Let k = o + 13. What is the units digit of 8/(-20) - 7/k?
1
Let s = 3 - 4. Let m = s - 7. Let i = 2 - m. What is the units digit of i?
0
Let q = 387 + -255. What is the hundreds digit of q?
1
Suppose -t - 2*t - 9 = 0. What is the units digit of (-1)/(2*t/18)?
3
Let p = 99 - 39. What is the units digit of p?
0
Suppose -4*s + 9 = -h - 4, 5*h - 27 = -3*s. Let y(v) = -v + 0*v - 2*v + v**h + 4*v**2 + v. What is the units digit of y(-4)?
8
What is the units digit of 123 - (1 - (-1 - 6/(-3)))?
3
Suppose 3*r - 1170 = -7*r. What is the hundreds digit of r?
1
Let m(n) = 6*n**2 - 12*n + 35. What is the units digit of m(5)?
5
Let b(c) = c + 10. Let n be b(0). Let r = n - 7. Suppose -r*s = -5*f + 9, 3*s = -2*f + 4*s + 4. What is the units digit of f?
3
Let v(n) = 22*n**2 + n. Suppose -4*c + 6 = 2. What is the tens digit of v(c)?
2
What is the units digit of 14 - 3/(-4 - -3)?
7
Let r be ((-8)/28)/(2/(-14)). Let z(d) = -3*d + d**2 + 6*d**2 - 2*d**2. What is the units digit of z(r)?
4
Let m(g) = 3*g + 2. Let o be m(7). Suppose 3*t + 6 = 0, 3*t - o - 6 = -5*u. What is the units digit of u?
7
Suppose 5 = -4*f - h, 2*h = 4*f - 2*f + 10. Let q(u) = -2*u**2 - 4*u - 2. Let b be q(f). Let t = 0 - b. What is the units digit of t?
2
Let l = 7 - 3. Suppose l*i + 5*a = 44, 5*a = 3*i + 2*i - 55. What is the tens digit of i?
1
Let g = -82 - -153. What is the tens digit of g?
7
Suppose 27 = -2*u + 5*u. What is the units digit of u?
9
Let a(y) = y**2 + 9*y - 9. Suppose -2*k = g + 19, k + 4*g + 7 - 1 = 0. What is the units digit of a(k)?
1
Let d(r) = 4*r**2 - 19*r + 18. What is the units digit of d(10)?
8
Suppose 0 = z - 5*z + 32. Suppose 0*h + z = 2*h. What is the units digit of (-12)/(-5) + h/(-10)?
2
Let v(g) = -2*g**3 - 21*g**2 + 15*g - 27. Let x(t) = t**3 + 10*t**2 - 7*t + 13. Let z(l) = -3*v(l) - 7*x(l). What is the tens digit of z(-8)?
2
Let k be (-7 - 4)*1/(-1). Let m = k + -16. What is the units digit of (-132)/(-20) + (-2)/m?
7
Suppose -1 - 2 = -t. Let m be (-3)/(-9) + 20/t. Let d = 11 - m. What is the units digit of d?
4
What is the tens digit of (-1074)/(12/(-2)) - 3?
7
Let o = 9 - -11. What is the tens digit of o?
2
Suppose -4*l + 4*i + 16 = -0*i, -3*i - 18 = 3*l. Let d(z) = -17*z - 1. What is the tens digit of d(l)?
1
Let d(z) = -z**3 - 3*z**2 - 2*z. What is the units digit of d(-3)?
6
Let n = -66 + 25. Let a = n + 57. What is the units digit of a?
6
Let m = -12 - -5. Let i(o) = o**3 + 6*o**2 - 7*o - 4. Let h be i(m). Let t = 5 - h. What is the units digit of t?
9
Suppose -3*x + 0*x + 141 = 0. Suppose 3*c + q + 2*q = 36, -x = -4*c - 3*q. What is the tens digit of c?
1
What is the units digit of 22/77 + (-803)/(-7)?
5
Suppose 2*t - 2 = -0*t + w, 5*w = -t + 1. Let a be 0 - (-4 + 0)*t. Suppose a*p + 12 = 0, -31 = -3*s - p + 14. What is the tens digit of s?
1
Let f(i) = i**3 + 8*i - 5. Let j be f(5). Suppose 3*s + j = 8*s. What is the units digit of s?
2
What is the units digit of (-14)/(-3) + (-1)/(-3)?
5
Suppose 0 = 6*v - 4*v. Let j = 0 - v. Suppose 0 = -3*t + 4*f - j + 9, -4*t = -f - 12. What is the units digit of t?
3
Suppose 4*r = 2*w + 246, 5*w - 54 = -r + 7*w. What is the tens digit of r?
6
Let y(t) = -t**3 + 3*t**2 + 5*t + 2. Let r be y(4). Let f = 0 + 2. What is the units digit of 62/6 - f/r?
0
Let p(z) = -z**3 + z**2 - z - 6. Let x be p(0). Let w = 19 + x. What is the units digit of w?
3
Suppose 5*b = 1 + 39. What is the units digit of b?
8
What is the units digit of 4 - (-164 - 4) - (1 - -2)?
9
Let b(p) = -9*p - 1. Let n be b(2). Let x = -18 - n. What is the units digit of x?
1
Suppose -4*j - 5*w = 6 - 14, 0 = 4*j - 2*w + 20. Let l(o) = -2*o - 3. Let q be l(j). What is the tens digit of ((-2)/q)/(1/(-15))?
1
Let b = 5 + -4. Let l be 1/b*(-2 - 13). What is the units digit of (1 - (-21)/l)*-5?
2
Let p = -4 - -8. Suppose 12 = -i + p*i. What is the units digit of i?
4
What is the tens digit of ((-24)/(-14)*11)/(1/7)?
3
Suppose 5*s - 45 = -3*f, -2*f = -6*s + 2*s - 52. Suppose -5*a = -f, -4*k - 4*a - 6 + 50 = 0. Suppose -5*d + 23 = -k. What is the units digit of d?
6
Suppose 0 = 2*d - 0*g - 4*g - 168, 0 = 4*g - 8. Suppose -2*w = -4*w + d. What is the units digit of w?
4
Suppose -2*h - w = 3*w - 6, 0 = 2*h + 5*w - 9. Let i be 1/h - 50/(-6). Suppose 25 + i = 3*t. What is the units digit of t?
1
Let w(v) be the first derivative of v**3/3 + v**2 + 2*v - 3. What is the units digit of w(-3)?
5
Let y = 178 - -33. What is the tens digit of y?
1
Suppose 30 = 2*o - 7*o. Let u = 16 + o. What is the tens digit of u?
1
Suppose -3*h = -5*x - 92, 4*h + x - 111 = -4*x. What is the tens digit of h?
2
Suppose -2*v + 6 = -2*o, -3*v - o + 0*o = -9. Let m(b) = -b**3 + 7*b**2 - 4*b + 4. What is the tens digit of m(v)?
2
Let g(r) = r**2 + r - 2*r + 4 - r. What is the tens digit of g(4)?
1
Let j = 3 - -1. Suppose -27 = l - j*l. What is the units digit of l?
9
Suppose 0 = -p + 10 + 15. What is the tens digit of p?
2
Let v(h) be the first derivative of h**2/2 + 13*h - 5. What is the units digit of v(9)?
2
Suppose 20 = 4*z + x + x, -4*x - 4 = -3*z. Suppose 0 = -2*d - z*a + 10, 0 = -5*d + 4*d - a + 9. What is the tens digit of d?
1
Let q(r) = -r**2 + 7*r - 3. Let k be q(6). Suppose -12 = n + 2*n, 80 = k*l - 2*n. What is the tens digit of l?
2
Let m(y) = -y**2 - 3*y - 2. Let d be m(-5). Let i = d - -25. What is the units digit of i?
3
Let t(k) = -k**3 + k**2 + 7. Let d(c) = -c + 1. Let w be d(1). What is the units digit of t(w)?
7
Suppose -5*x - 21 = -61. Let h be (-6)/5*(-80)/(-24). Let j = h + x. What is the units digit of j?
4
Let v be (30/(-4))/((-6)/24). Suppose -v = -4*r + 22. What is the tens digit of r?
1
Let x(d) be the third derivative of -2*d**6/15 - d**5/60 + d**4/24 + d**3/6 + d**2. Let f be x(-1). Let j = 23 - f. What is the units digit of j?
8
Let a(s) = s**2 - 5*s + 4. Let m be a(5). Suppose 0*d - 55 = -4*d - 3*i, -3*d + 35 = -m*i. What is the tens digit of d?
1
Let q(g) = -47*g + 12. What is the units digit of q(-6)?
4
Suppose 4*d - 6*d = 3*x - 244, -4*x = -3*d + 400. What is the hundreds digit of d?
1
Let i(f) = 5 - 8*f + 2 - 5. Let k be i(2). What is the units digit of (-4 - k) + -1*2?
8
What is the units digit of ((-21)/6 + 4)*14?
7
Let i(f) = 7*f - 17. Let o be i(15). What is the tens digit of (-70)/(-2)*o/55?
5
Let x(q) = q + 2. Let w be x(-6). Let m = 4 + w. Suppose m = 5*u - 20, 2*t = -4*u - u + 32. What is the units digit of t?
6
Let o = 3 - 1. What is the tens digit of 1960/63 + o/(-18)?
3
Let o = -14 - -22. Let n = o - 2. Let m = n + -4. What is the units digit of m?
2
Let z = 68 + -24. What is the units digit of z?
4
Let r = 196 + -123. What is the tens digit of r?
7
Let d be 6 + (4 + -2 - 4). Suppose 31 = -d*h + 91. What is the units digit of h?
5
Let s = -86 + 60. Let m be (5 - 1) + 24/(-2). Let i = m - s. What is the tens digit of i?
1
Let t = 2 + -5. Let g be (-2 - (-2 - -2))*t. What is the units digit of 6*((-4)/g + 1)?
2
Let p(j) = -j**2 + 11*j + 2. Let n be p(8). Suppose 3*b = 61 + n. What is the units digit of b?
9
Let a = 3 + 0. Suppose -n + 5 = 0, m = n - 0 - a. What is the units digit of m?
2
Let s(o) = o**3 + 9*o**2 + 6*o + 10. What is the tens digit of s(-4)?
6
Suppose 0 = -5*a - p + 125 + 40, 0 = -a - p + 29. What is the units digit of a?
4
Let c = -11 - -23. Suppose 0 = -5*u + 2*u + v + 21, -4*v = 4*u - c. What is the units digit of u?
6
Let c(x) = 6*x + 12. Let p(m) = 5*m + 12. Let n(s) = -4*c(s) + 5*p(s). Let a be -4 - 3 - 4/(-2). What is the units digit of n(a)?
7
Let r(s) = s**2 + 7*s - 5. Let d be r(-8). Let z(a) = -a**3 + 7*a**2. Let b be z(d). Suppose 0*k - 3*k = -b. What is the tens digit of k?
1
Suppose -3 - 36 = -p - 2*o, -4*p + 112 = -3*o. What is the units digit of p?
1
Let r(j) = 3*j**2 + 2*j - 4. Let a(v) = -2*v - 3. Let k be a(-3). What is the tens digit of r(k)?
2
Let k(m) = m + 7. Suppose 2*d + 3 + 1 = 0. Let w(a) = -a**3 - 2*a**2 + 3*a + 2. Let c be w(d). What is the units digit of k(c)?
3
Suppose -2*t + 5*t - 54 = 0. Suppose 5*j - 12 = t. What is the units digit of j?
6
Suppose -u + 3 = -0*u. Suppose -u*i = 7 - 10. What is the units digit of i?
1
Let u(l) = l**3 - 2*l -